{"id":722,"date":"2023-01-15T18:12:06","date_gmt":"2023-01-15T17:12:06","guid":{"rendered":"https:\/\/gevox.pl\/?page_id=722"},"modified":"2023-01-18T21:32:36","modified_gmt":"2023-01-18T20:32:36","slug":"portal-biura","status":"publish","type":"page","link":"https:\/\/gevox.pl\/?page_id=722","title":{"rendered":"PORTAL BIURA"},"content":{"rendered":"\t\t<div data-elementor-type=\"wp-page\" data-elementor-id=\"722\" class=\"elementor elementor-722\">\n\t\t\t\t\t\t\t\t\t<section class=\"elementor-section elementor-top-section elementor-element elementor-element-ac7bf09 elementor-section-boxed elementor-section-height-default elementor-section-height-default\" data-id=\"ac7bf09\" data-element_type=\"section\">\n\t\t\t\t\t\t<div class=\"elementor-container elementor-column-gap-default\">\n\t\t\t\t\t<div class=\"elementor-column elementor-col-33 elementor-top-column elementor-element elementor-element-7e28680\" data-id=\"7e28680\" data-element_type=\"column\">\n\t\t\t<div class=\"elementor-widget-wrap elementor-element-populated\">\n\t\t\t\t\t\t\t\t<div class=\"elementor-element elementor-element-5c76b66 elementor-widget elementor-widget-heading\" data-id=\"5c76b66\" data-element_type=\"widget\" data-widget_type=\"heading.default\">\n\t\t\t\t<div class=\"elementor-widget-container\">\n\t\t\t<h2 class=\"elementor-heading-title elementor-size-default\"><align-items: center=\"\">\nPortal biura<\/align-items:><\/h2>\t\t<\/div>\n\t\t\t\t<\/div>\n\t\t\t\t\t<\/div>\n\t\t<\/div>\n\t\t\t\t<div class=\"elementor-column elementor-col-33 elementor-top-column elementor-element elementor-element-5cdd4d2\" data-id=\"5cdd4d2\" data-element_type=\"column\">\n\t\t\t<div class=\"elementor-widget-wrap elementor-element-populated\">\n\t\t\t\t\t\t\t\t<div class=\"elementor-element elementor-element-267158e elementor-align-justify elementor-widget elementor-widget-button\" data-id=\"267158e\" data-element_type=\"widget\" data-widget_type=\"button.default\">\n\t\t\t\t<div class=\"elementor-widget-container\">\n\t\t\t\t\t<div class=\"elementor-button-wrapper\">\n\t\t\t<a class=\"elementor-button elementor-button-link elementor-size-lg\" href=\"https:\/\/app.portalbiura.pl\/\">\n\t\t\t\t\t\t<span class=\"elementor-button-content-wrapper\">\n\t\t\t\t\t\t<span class=\"elementor-button-text\">LOGOWANIE<\/span>\n\t\t<\/span>\n\t\t\t\t\t<\/a>\n\t\t<\/div>\n\t\t\t\t<\/div>\n\t\t\t\t<\/div>\n\t\t\t\t\t<\/div>\n\t\t<\/div>\n\t\t\t\t<div class=\"elementor-column elementor-col-33 elementor-top-column elementor-element elementor-element-3760fc2\" data-id=\"3760fc2\" data-element_type=\"column\">\n\t\t\t<div class=\"elementor-widget-wrap\">\n\t\t\t\t\t\t\t\t\t<\/div>\n\t\t<\/div>\n\t\t\t\t\t\t\t<\/div>\n\t\t<\/section>\n\t\t\t\t<section class=\"elementor-section elementor-top-section elementor-element elementor-element-8638f3b elementor-section-boxed elementor-section-height-default elementor-section-height-default\" data-id=\"8638f3b\" data-element_type=\"section\">\n\t\t\t\t\t\t<div class=\"elementor-container elementor-column-gap-default\">\n\t\t\t\t\t<div class=\"elementor-column elementor-col-100 elementor-top-column elementor-element elementor-element-8dbda76\" data-id=\"8dbda76\" data-element_type=\"column\">\n\t\t\t<div class=\"elementor-widget-wrap elementor-element-populated\">\n\t\t\t\t\t\t\t\t<div class=\"elementor-element elementor-element-f50095c elementor-widget elementor-widget-spacer\" data-id=\"f50095c\" data-element_type=\"widget\" data-widget_type=\"spacer.default\">\n\t\t\t\t<div class=\"elementor-widget-container\">\n\t\t\t\t\t<div class=\"elementor-spacer\">\n\t\t\t<div class=\"elementor-spacer-inner\"><\/div>\n\t\t<\/div>\n\t\t\t\t<\/div>\n\t\t\t\t<\/div>\n\t\t\t\t\t<\/div>\n\t\t<\/div>\n\t\t\t\t\t\t\t<\/div>\n\t\t<\/section>\n\t\t\t\t<section class=\"elementor-section elementor-top-section elementor-element elementor-element-9ee2301 elementor-section-boxed elementor-section-height-default elementor-section-height-default\" data-id=\"9ee2301\" data-element_type=\"section\">\n\t\t\t\t\t\t<div class=\"elementor-container elementor-column-gap-default\">\n\t\t\t\t\t<div class=\"elementor-column elementor-col-100 elementor-top-column elementor-element elementor-element-55571a7\" data-id=\"55571a7\" data-element_type=\"column\">\n\t\t\t<div class=\"elementor-widget-wrap elementor-element-populated\">\n\t\t\t\t\t\t\t\t<div class=\"elementor-element elementor-element-3c47ce1 elementor-widget elementor-widget-toggle\" data-id=\"3c47ce1\" data-element_type=\"widget\" data-widget_type=\"toggle.default\">\n\t\t\t\t<div class=\"elementor-widget-container\">\n\t\t\t\t\t<div class=\"elementor-toggle\">\n\t\t\t\t\t\t\t<div class=\"elementor-toggle-item\">\n\t\t\t\t\t<div id=\"elementor-tab-title-6321\" class=\"elementor-tab-title\" data-tab=\"1\" role=\"button\" aria-controls=\"elementor-tab-content-6321\" aria-expanded=\"false\">\n\t\t\t\t\t\t\t\t\t\t\t\t<span class=\"elementor-toggle-icon elementor-toggle-icon-left\" aria-hidden=\"true\">\n\t\t\t\t\t\t\t\t\t\t\t\t\t\t\t<span class=\"elementor-toggle-icon-closed\"><i class=\"fas fa-caret-right\"><\/i><\/span>\n\t\t\t\t\t\t\t\t<span class=\"elementor-toggle-icon-opened\"><i class=\"elementor-toggle-icon-opened fas fa-caret-up\"><\/i><\/span>\n\t\t\t\t\t\t\t\t\t\t\t\t\t<\/span>\n\t\t\t\t\t\t\t\t\t\t\t\t<a class=\"elementor-toggle-title\" tabindex=\"0\">Czym jest portal biura?<\/a>\n\t\t\t\t\t<\/div>\n\n\t\t\t\t\t<div id=\"elementor-tab-content-6321\" class=\"elementor-tab-content elementor-clearfix\" data-tab=\"1\" role=\"region\" aria-labelledby=\"elementor-tab-title-6321\"><p>Portal biura jest aplikacj\u0105 webow\u0105, b\u0119d\u0105c\u0105 miejscem kontaktu klienta z biurem rachunkowym. Poprzez portal mo\u017cesz przes\u0142a\u0107 dokumenty bezpo\u015brednio do biura rachunkowego w r\u00f3\u017cnych formatach oraz masz wgl\u0105d do zaksi\u0119gowanych dokument\u00f3w po rozliczeniu miesi\u0105ca.<\/p><\/div>\n\t\t\t\t<\/div>\n\t\t\t\t\t\t\t<div class=\"elementor-toggle-item\">\n\t\t\t\t\t<div id=\"elementor-tab-title-6322\" class=\"elementor-tab-title\" data-tab=\"2\" role=\"button\" aria-controls=\"elementor-tab-content-6322\" aria-expanded=\"false\">\n\t\t\t\t\t\t\t\t\t\t\t\t<span class=\"elementor-toggle-icon elementor-toggle-icon-left\" aria-hidden=\"true\">\n\t\t\t\t\t\t\t\t\t\t\t\t\t\t\t<span class=\"elementor-toggle-icon-closed\"><i class=\"fas fa-caret-right\"><\/i><\/span>\n\t\t\t\t\t\t\t\t<span class=\"elementor-toggle-icon-opened\"><i class=\"elementor-toggle-icon-opened fas fa-caret-up\"><\/i><\/span>\n\t\t\t\t\t\t\t\t\t\t\t\t\t<\/span>\n\t\t\t\t\t\t\t\t\t\t\t\t<a class=\"elementor-toggle-title\" tabindex=\"0\">Czy musz\u0119 dostarcza\u0107 dokumenty do biura w formie papierowej?<\/a>\n\t\t\t\t\t<\/div>\n\n\t\t\t\t\t<div id=\"elementor-tab-content-6322\" class=\"elementor-tab-content elementor-clearfix\" data-tab=\"2\" role=\"region\" aria-labelledby=\"elementor-tab-title-6322\"><p>Korzystaj\u0105c z portalu biura dokumenty do rozliczenia dostarczasz wy\u0142\u0105cznie w formie elektronicznej (PDF, skany, zdj\u0119cia), dzi\u0119ki czemu <br \/>nie musisz traci\u0107 czasu na dojazdy do biura oraz mo\u017cesz przes\u0142a\u0107 je w wygodnym dla Ciebie momencie z zachowaniem terminu okre\u015blonego <br \/>w umowie.<\/p><\/div>\n\t\t\t\t<\/div>\n\t\t\t\t\t\t\t<div class=\"elementor-toggle-item\">\n\t\t\t\t\t<div id=\"elementor-tab-title-6323\" class=\"elementor-tab-title\" data-tab=\"3\" role=\"button\" aria-controls=\"elementor-tab-content-6323\" aria-expanded=\"false\">\n\t\t\t\t\t\t\t\t\t\t\t\t<span class=\"elementor-toggle-icon elementor-toggle-icon-left\" aria-hidden=\"true\">\n\t\t\t\t\t\t\t\t\t\t\t\t\t\t\t<span class=\"elementor-toggle-icon-closed\"><i class=\"fas fa-caret-right\"><\/i><\/span>\n\t\t\t\t\t\t\t\t<span class=\"elementor-toggle-icon-opened\"><i class=\"elementor-toggle-icon-opened fas fa-caret-up\"><\/i><\/span>\n\t\t\t\t\t\t\t\t\t\t\t\t\t<\/span>\n\t\t\t\t\t\t\t\t\t\t\t\t<a class=\"elementor-toggle-title\" tabindex=\"0\">W jaki spos\u00f3b pobra\u0107 aplikacj\u0119 na telefon?<\/a>\n\t\t\t\t\t<\/div>\n\n\t\t\t\t\t<div id=\"elementor-tab-content-6323\" class=\"elementor-tab-content elementor-clearfix\" data-tab=\"3\" role=\"region\" aria-labelledby=\"elementor-tab-title-6323\">Aplikacja nie jest dost\u0119pna do pobrania z sklepu Play oraz App Store, nale\u017cy j\u0105 pobra\u0107 w nast\u0119puj\u0105cy spos\u00f3b:\n<br> <\/br> \n<b>Na telefonie z oprogramowaniem iOS:<\/b>\n<ul>\n \t<li>Otw\u00f3rz przegl\u0105dark\u0119 safari<\/li>\n \t<li>Wejd\u017a na stron\u0119 <a href=\"https:\/\/app.portalbiura.pl\/\"> https:\/\/app.portalbiura.pl\/ <\/a> i zaloguj si\u0119 do portalu biura<\/li>\n \t<li>Rozwi\u0144 list\u0119 z do\u0142u przegl\u0105darki i kliknij opcj\u0119 &#8220;Do ekranu pocz\u0105tkowego&#8221;<\/li>\n \t<li>Ikona z aplikacj\u0105 po chwili powinna by\u0107 ju\u017c widoczna na ekranie pocz\u0105tkowym<\/li>\n<\/ul>\n<center><img decoding=\"async\" src=\"https:\/\/gevox.pl\/wp-content\/uploads\/inne\/aplikacja_ios.png\" \/><\/center><strong>Na telefonie z oprogramowaniem android:<\/strong>\n<ul>\n \t<li style=\"list-style-type: none;\">\n<ul>\n \t<li>Otw\u00f3rz przegl\u0105dark\u0119 internetow\u0105<\/li>\n \t<li>Wejd\u017a na stron\u0119 <a href=\"https:\/\/app.portalbiura.pl\/\"> https:\/\/app.portalbiura.pl\/ <\/a> i zaloguj si\u0119 do portalu biura<\/li>\n \t<li>Kliknij w 3 kropki w prawym g\u00f3rnym rogu przegl\u0105darki, rozwi\u0144 list\u0119 i wybierz opcj\u0119 &#8220;Dodaj do ekranu g\u0142\u00f3wnego&#8221;<\/li>\n \t<li>Ikona z aplikacj\u0105 po chwili powinna by\u0107 ju\u017c widoczna na ekranie pocz\u0105tkowym<\/li>\n<\/ul>\n<\/li>\n<\/ul>\n<center><img decoding=\"async\" src=\"https:\/\/gevox.pl\/wp-content\/uploads\/inne\/aplikacja_android2.png\" \/><\/center><strong>Na komputerze z systemem windows:<\/strong>\n<ul>\n \t<li style=\"list-style-type: none;\">\n<ul>\n \t<li>Otw\u00f3rz przegl\u0105dark\u0119 internetow\u0105<\/li>\n \t<li>Wejd\u017a na stron\u0119 <a href=\"https:\/\/app.portalbiura.pl\/\"> https:\/\/app.portalbiura.pl\/ <\/a> i zaloguj si\u0119 do portalu biura<\/li>\n \t<li>Kliknij w ikon\u0119 po prawej stronie na pasku z linkiem, a nast\u0119pnie kliknij &#8220;Zainstaluj&#8221;<\/li>\n \t<li>Ikona z aplikacj\u0105 po chwili powinna by\u0107 widoczna na pulpicie<\/li>\n<\/ul>\n<\/li>\n<\/ul>\n<center><img decoding=\"async\" src=\"https:\/\/gevox.pl\/wp-content\/uploads\/inne\/aplikacja_pc2.png\" \/><\/center><\/div>\n\t\t\t\t<\/div>\n\t\t\t\t\t\t\t<div class=\"elementor-toggle-item\">\n\t\t\t\t\t<div id=\"elementor-tab-title-6324\" class=\"elementor-tab-title\" data-tab=\"4\" role=\"button\" aria-controls=\"elementor-tab-content-6324\" aria-expanded=\"false\">\n\t\t\t\t\t\t\t\t\t\t\t\t<span class=\"elementor-toggle-icon elementor-toggle-icon-left\" aria-hidden=\"true\">\n\t\t\t\t\t\t\t\t\t\t\t\t\t\t\t<span class=\"elementor-toggle-icon-closed\"><i class=\"fas fa-caret-right\"><\/i><\/span>\n\t\t\t\t\t\t\t\t<span class=\"elementor-toggle-icon-opened\"><i class=\"elementor-toggle-icon-opened fas fa-caret-up\"><\/i><\/span>\n\t\t\t\t\t\t\t\t\t\t\t\t\t<\/span>\n\t\t\t\t\t\t\t\t\t\t\t\t<a class=\"elementor-toggle-title\" tabindex=\"0\">W jaki spos\u00f3b b\u0119d\u0119 otrzymywa\u0107 informacj\u0119 o moich zobowi\u0105zanych wobec Urz\u0119du Skarbowego i ZUS?<\/a>\n\t\t\t\t\t<\/div>\n\n\t\t\t\t\t<div id=\"elementor-tab-content-6324\" class=\"elementor-tab-content elementor-clearfix\" data-tab=\"4\" role=\"region\" aria-labelledby=\"elementor-tab-title-6324\">Wysoko\u015b\u0107 Twoich zobowi\u0105za\u0144 wobec Urz\u0119du Skarbowego oraz ZUS b\u0119dziemy przesy\u0142a\u0107 na portal biura. Kwoty zobowi\u0105za\u0144 b\u0119d\u0105 widoczne na ekranie logowania. Aby sprawdzi\u0107 swoje historyczne zobowi\u0105zania, kt\u00f3re zosta\u0142y wyliczone przez biuro wystarczy, \u017ce zmienisz miesi\u0105c <br>z podsumowaniem.<\/div>\n\t\t\t\t<\/div>\n\t\t\t\t\t\t\t<div class=\"elementor-toggle-item\">\n\t\t\t\t\t<div id=\"elementor-tab-title-6325\" class=\"elementor-tab-title\" data-tab=\"5\" role=\"button\" aria-controls=\"elementor-tab-content-6325\" aria-expanded=\"false\">\n\t\t\t\t\t\t\t\t\t\t\t\t<span class=\"elementor-toggle-icon elementor-toggle-icon-left\" aria-hidden=\"true\">\n\t\t\t\t\t\t\t\t\t\t\t\t\t\t\t<span class=\"elementor-toggle-icon-closed\"><i class=\"fas fa-caret-right\"><\/i><\/span>\n\t\t\t\t\t\t\t\t<span class=\"elementor-toggle-icon-opened\"><i class=\"elementor-toggle-icon-opened fas fa-caret-up\"><\/i><\/span>\n\t\t\t\t\t\t\t\t\t\t\t\t\t<\/span>\n\t\t\t\t\t\t\t\t\t\t\t\t<a class=\"elementor-toggle-title\" tabindex=\"0\">Sk\u0105d mam wzi\u0105\u0107 dane do logowania?<\/a>\n\t\t\t\t\t<\/div>\n\n\t\t\t\t\t<div id=\"elementor-tab-content-6325\" class=\"elementor-tab-content elementor-clearfix\" data-tab=\"5\" role=\"region\" aria-labelledby=\"elementor-tab-title-6325\"><p>Po podpisaniu umowy z biurem otrzymasz wiadomo\u015b\u0107 e-mail z linkiem do utworzenia konta.<br \/>Je\u015bli posiadasz ju\u017c konto w portalu biura, biuro rachunkowe b\u0119dzie musia\u0142o przes\u0142a\u0107 do Ciebie link z zaproszeniem.<\/p><\/div>\n\t\t\t\t<\/div>\n\t\t\t\t\t\t\t\t<\/div>\n\t\t\t\t<\/div>\n\t\t\t\t<\/div>\n\t\t\t\t\t<\/div>\n\t\t<\/div>\n\t\t\t\t\t\t\t<\/div>\n\t\t<\/section>\n\t\t\t\t<section class=\"elementor-section elementor-top-section elementor-element elementor-element-95d72b1 elementor-section-boxed elementor-section-height-default elementor-section-height-default\" data-id=\"95d72b1\" data-element_type=\"section\">\n\t\t\t\t\t\t<div class=\"elementor-container elementor-column-gap-default\">\n\t\t\t\t\t<div class=\"elementor-column elementor-col-50 elementor-top-column elementor-element elementor-element-734979a\" data-id=\"734979a\" data-element_type=\"column\">\n\t\t\t<div class=\"elementor-widget-wrap\">\n\t\t\t\t\t\t\t\t\t<\/div>\n\t\t<\/div>\n\t\t\t\t<div class=\"elementor-column elementor-col-50 elementor-top-column elementor-element elementor-element-2534ed8\" data-id=\"2534ed8\" data-element_type=\"column\">\n\t\t\t<div class=\"elementor-widget-wrap\">\n\t\t\t\t\t\t\t\t\t<\/div>\n\t\t<\/div>\n\t\t\t\t\t\t\t<\/div>\n\t\t<\/section>\n\t\t\t\t\t\t\t<\/div>\n\t\t","protected":false},"excerpt":{"rendered":"<p>Portal biura LOGOWANIE Czym jest portal biura? Portal biura jest aplikacj\u0105 webow\u0105, b\u0119d\u0105c\u0105 miejscem kontaktu klienta z biurem rachunkowym. Poprzez portal mo\u017cesz przes\u0142a\u0107 dokumenty bezpo\u015brednio do biura rachunkowego w r\u00f3\u017cnych formatach oraz masz wgl\u0105d do zaksi\u0119gowanych dokument\u00f3w po rozliczeniu miesi\u0105ca. Czy musz\u0119 dostarcza\u0107 dokumenty do biura w formie papierowej? Korzystaj\u0105c z portalu biura dokumenty do [&hellip;]<\/p>\n","protected":false},"author":1,"featured_media":0,"parent":0,"menu_order":0,"comment_status":"closed","ping_status":"closed","template":"","meta":{"_editorskit_title_hidden":false,"_editorskit_reading_time":0,"_editorskit_is_block_options_detached":false,"_editorskit_block_options_position":"{}","footnotes":""},"yoast_head":"<!-- This site is optimized with the Yoast SEO plugin v22.6 - https:\/\/yoast.com\/wordpress\/plugins\/seo\/ -->\n<title>PORTAL BIURA - Biuro Rachunkowe Gda\u0144sk GevoX.pl<\/title>\n<meta name=\"description\" content=\"Zaloguj si\u0119 do aplikacji portalu biura na stronie www.gevox.pl W portalu b\u0119d\u0105 dost\u0119pne informacje o Twoich zobowi\u0105zaniach podatkowych.\" \/>\n<meta name=\"robots\" content=\"index, follow, max-snippet:-1, max-image-preview:large, max-video-preview:-1\" \/>\n<link rel=\"canonical\" href=\"https:\/\/gevox.pl\/?page_id=722\" \/>\n<meta property=\"og:locale\" content=\"pl_PL\" \/>\n<meta property=\"og:type\" content=\"article\" \/>\n<meta property=\"og:title\" content=\"PORTAL BIURA - Biuro Rachunkowe Gda\u0144sk GevoX.pl\" \/>\n<meta property=\"og:description\" content=\"Zaloguj si\u0119 do aplikacji portalu biura na stronie www.gevox.pl W portalu b\u0119d\u0105 dost\u0119pne informacje o Twoich zobowi\u0105zaniach podatkowych.\" \/>\n<meta property=\"og:url\" content=\"https:\/\/gevox.pl\/?page_id=722\" \/>\n<meta property=\"og:site_name\" content=\"Biuro Rachunkowe Gda\u0144sk GevoX.pl\" \/>\n<meta property=\"article:modified_time\" content=\"2023-01-18T20:32:36+00:00\" \/>\n<meta property=\"og:image\" content=\"https:\/\/gevox.pl\/wp-content\/uploads\/inne\/aplikacja_ios.png\" \/>\n<meta name=\"twitter:card\" content=\"summary_large_image\" \/>\n<meta name=\"twitter:label1\" content=\"Szacowany czas czytania\" \/>\n\t<meta name=\"twitter:data1\" content=\"3 minuty\" \/>\n<script type=\"application\/ld+json\" class=\"yoast-schema-graph\">{\"@context\":\"https:\/\/schema.org\",\"@graph\":[{\"@type\":\"WebPage\",\"@id\":\"https:\/\/gevox.pl\/?page_id=722\",\"url\":\"https:\/\/gevox.pl\/?page_id=722\",\"name\":\"PORTAL BIURA - Biuro Rachunkowe Gda\u0144sk GevoX.pl\",\"isPartOf\":{\"@id\":\"https:\/\/gevox.pl\/#website\"},\"primaryImageOfPage\":{\"@id\":\"https:\/\/gevox.pl\/?page_id=722#primaryimage\"},\"image\":{\"@id\":\"https:\/\/gevox.pl\/?page_id=722#primaryimage\"},\"thumbnailUrl\":\"https:\/\/gevox.pl\/wp-content\/uploads\/inne\/aplikacja_ios.png\",\"datePublished\":\"2023-01-15T17:12:06+00:00\",\"dateModified\":\"2023-01-18T20:32:36+00:00\",\"description\":\"Zaloguj si\u0119 do aplikacji portalu biura na stronie www.gevox.pl W portalu b\u0119d\u0105 dost\u0119pne informacje o Twoich zobowi\u0105zaniach podatkowych.\",\"breadcrumb\":{\"@id\":\"https:\/\/gevox.pl\/?page_id=722#breadcrumb\"},\"inLanguage\":\"pl-PL\",\"potentialAction\":[{\"@type\":\"ReadAction\",\"target\":[\"https:\/\/gevox.pl\/?page_id=722\"]}]},{\"@type\":\"ImageObject\",\"inLanguage\":\"pl-PL\",\"@id\":\"https:\/\/gevox.pl\/?page_id=722#primaryimage\",\"url\":\"https:\/\/gevox.pl\/wp-content\/uploads\/inne\/aplikacja_ios.png\",\"contentUrl\":\"https:\/\/gevox.pl\/wp-content\/uploads\/inne\/aplikacja_ios.png\"},{\"@type\":\"BreadcrumbList\",\"@id\":\"https:\/\/gevox.pl\/?page_id=722#breadcrumb\",\"itemListElement\":[{\"@type\":\"ListItem\",\"position\":1,\"name\":\"Strona g\u0142\u00f3wna\",\"item\":\"https:\/\/gevox.pl\/\"},{\"@type\":\"ListItem\",\"position\":2,\"name\":\"PORTAL BIURA\"}]},{\"@type\":\"WebSite\",\"@id\":\"https:\/\/gevox.pl\/#website\",\"url\":\"https:\/\/gevox.pl\/\",\"name\":\"Biuro Rachunkowe Gda\u0144sk GevoX.pl\",\"description\":\"Biuro Rachunkowe Gda\u0144sk. Ksi\u0119gowo\u015b\u0107 Gda\u0144sk. Ksi\u0119gowa, ksi\u0119gowy. Doradztwo podatkowe Gda\u0144sk. Us\u0142ugi ksi\u0119gowe. Biuro ksi\u0119gowe us\u0142ugi rachunkowe\",\"publisher\":{\"@id\":\"https:\/\/gevox.pl\/#organization\"},\"potentialAction\":[{\"@type\":\"SearchAction\",\"target\":{\"@type\":\"EntryPoint\",\"urlTemplate\":\"https:\/\/gevox.pl\/?s={search_term_string}\"},\"query-input\":\"required name=search_term_string\"}],\"inLanguage\":\"pl-PL\"},{\"@type\":\"Organization\",\"@id\":\"https:\/\/gevox.pl\/#organization\",\"name\":\"Biuro Rachunkowe GevoX Kamil Chy\u0142a\",\"url\":\"https:\/\/gevox.pl\/\",\"logo\":{\"@type\":\"ImageObject\",\"inLanguage\":\"pl-PL\",\"@id\":\"https:\/\/gevox.pl\/#\/schema\/logo\/image\/\",\"url\":\"https:\/\/gevox.pl\/wp-content\/uploads\/2020\/08\/logo_google.png\",\"contentUrl\":\"https:\/\/gevox.pl\/wp-content\/uploads\/2020\/08\/logo_google.png\",\"width\":1802,\"height\":1686,\"caption\":\"Biuro Rachunkowe GevoX Kamil Chy\u0142a\"},\"image\":{\"@id\":\"https:\/\/gevox.pl\/#\/schema\/logo\/image\/\"}}]}<\/script>\n<!-- \/ Yoast SEO plugin. -->","yoast_head_json":{"title":"PORTAL BIURA - Biuro Rachunkowe Gda\u0144sk GevoX.pl","description":"Zaloguj si\u0119 do aplikacji portalu biura na stronie www.gevox.pl W portalu b\u0119d\u0105 dost\u0119pne informacje o Twoich zobowi\u0105zaniach podatkowych.","robots":{"index":"index","follow":"follow","max-snippet":"max-snippet:-1","max-image-preview":"max-image-preview:large","max-video-preview":"max-video-preview:-1"},"canonical":"https:\/\/gevox.pl\/?page_id=722","og_locale":"pl_PL","og_type":"article","og_title":"PORTAL BIURA - Biuro Rachunkowe Gda\u0144sk GevoX.pl","og_description":"Zaloguj si\u0119 do aplikacji portalu biura na stronie www.gevox.pl W portalu b\u0119d\u0105 dost\u0119pne informacje o Twoich zobowi\u0105zaniach podatkowych.","og_url":"https:\/\/gevox.pl\/?page_id=722","og_site_name":"Biuro Rachunkowe Gda\u0144sk GevoX.pl","article_modified_time":"2023-01-18T20:32:36+00:00","og_image":[{"url":"https:\/\/gevox.pl\/wp-content\/uploads\/inne\/aplikacja_ios.png"}],"twitter_card":"summary_large_image","twitter_misc":{"Szacowany czas czytania":"3 minuty"},"schema":{"@context":"https:\/\/schema.org","@graph":[{"@type":"WebPage","@id":"https:\/\/gevox.pl\/?page_id=722","url":"https:\/\/gevox.pl\/?page_id=722","name":"PORTAL BIURA - Biuro Rachunkowe Gda\u0144sk GevoX.pl","isPartOf":{"@id":"https:\/\/gevox.pl\/#website"},"primaryImageOfPage":{"@id":"https:\/\/gevox.pl\/?page_id=722#primaryimage"},"image":{"@id":"https:\/\/gevox.pl\/?page_id=722#primaryimage"},"thumbnailUrl":"https:\/\/gevox.pl\/wp-content\/uploads\/inne\/aplikacja_ios.png","datePublished":"2023-01-15T17:12:06+00:00","dateModified":"2023-01-18T20:32:36+00:00","description":"Zaloguj si\u0119 do aplikacji portalu biura na stronie www.gevox.pl W portalu b\u0119d\u0105 dost\u0119pne informacje o Twoich zobowi\u0105zaniach podatkowych.","breadcrumb":{"@id":"https:\/\/gevox.pl\/?page_id=722#breadcrumb"},"inLanguage":"pl-PL","potentialAction":[{"@type":"ReadAction","target":["https:\/\/gevox.pl\/?page_id=722"]}]},{"@type":"ImageObject","inLanguage":"pl-PL","@id":"https:\/\/gevox.pl\/?page_id=722#primaryimage","url":"https:\/\/gevox.pl\/wp-content\/uploads\/inne\/aplikacja_ios.png","contentUrl":"https:\/\/gevox.pl\/wp-content\/uploads\/inne\/aplikacja_ios.png"},{"@type":"BreadcrumbList","@id":"https:\/\/gevox.pl\/?page_id=722#breadcrumb","itemListElement":[{"@type":"ListItem","position":1,"name":"Strona g\u0142\u00f3wna","item":"https:\/\/gevox.pl\/"},{"@type":"ListItem","position":2,"name":"PORTAL BIURA"}]},{"@type":"WebSite","@id":"https:\/\/gevox.pl\/#website","url":"https:\/\/gevox.pl\/","name":"Biuro Rachunkowe Gda\u0144sk GevoX.pl","description":"Biuro Rachunkowe Gda\u0144sk. Ksi\u0119gowo\u015b\u0107 Gda\u0144sk. Ksi\u0119gowa, ksi\u0119gowy. Doradztwo podatkowe Gda\u0144sk. Us\u0142ugi ksi\u0119gowe. Biuro ksi\u0119gowe us\u0142ugi rachunkowe","publisher":{"@id":"https:\/\/gevox.pl\/#organization"},"potentialAction":[{"@type":"SearchAction","target":{"@type":"EntryPoint","urlTemplate":"https:\/\/gevox.pl\/?s={search_term_string}"},"query-input":"required name=search_term_string"}],"inLanguage":"pl-PL"},{"@type":"Organization","@id":"https:\/\/gevox.pl\/#organization","name":"Biuro Rachunkowe GevoX Kamil Chy\u0142a","url":"https:\/\/gevox.pl\/","logo":{"@type":"ImageObject","inLanguage":"pl-PL","@id":"https:\/\/gevox.pl\/#\/schema\/logo\/image\/","url":"https:\/\/gevox.pl\/wp-content\/uploads\/2020\/08\/logo_google.png","contentUrl":"https:\/\/gevox.pl\/wp-content\/uploads\/2020\/08\/logo_google.png","width":1802,"height":1686,"caption":"Biuro Rachunkowe GevoX Kamil Chy\u0142a"},"image":{"@id":"https:\/\/gevox.pl\/#\/schema\/logo\/image\/"}}]}},"_links":{"self":[{"href":"https:\/\/gevox.pl\/index.php?rest_route=\/wp\/v2\/pages\/722"}],"collection":[{"href":"https:\/\/gevox.pl\/index.php?rest_route=\/wp\/v2\/pages"}],"about":[{"href":"https:\/\/gevox.pl\/index.php?rest_route=\/wp\/v2\/types\/page"}],"author":[{"embeddable":true,"href":"https:\/\/gevox.pl\/index.php?rest_route=\/wp\/v2\/users\/1"}],"replies":[{"embeddable":true,"href":"https:\/\/gevox.pl\/index.php?rest_route=%2Fwp%2Fv2%2Fcomments&post=722"}],"version-history":[{"count":67,"href":"https:\/\/gevox.pl\/index.php?rest_route=\/wp\/v2\/pages\/722\/revisions"}],"predecessor-version":[{"id":798,"href":"https:\/\/gevox.pl\/index.php?rest_route=\/wp\/v2\/pages\/722\/revisions\/798"}],"wp:attachment":[{"href":"https:\/\/gevox.pl\/index.php?rest_route=%2Fwp%2Fv2%2Fmedia&parent=722"}],"curies":[{"name":"wp","href":"https:\/\/api.w.org\/{rel}","templated":true}]}}